{"id":32,"date":"2025-08-20T22:16:12","date_gmt":"2025-08-20T22:16:12","guid":{"rendered":"http:\/\/piotrtrzebinia.pl\/?page_id=32"},"modified":"2025-08-20T22:17:21","modified_gmt":"2025-08-20T22:17:21","slug":"znajdziesz-tu-rzeczy-i-historie-ktora-tworza","status":"publish","type":"page","link":"http:\/\/piotrtrzebinia.pl\/index.php\/znajdziesz-tu-rzeczy-i-historie-ktora-tworza\/","title":{"rendered":"Znajdziesz tu rzeczy i histori\u0119, kt\u00f3ra tworz\u0105"},"content":{"rendered":"\n<p>Maj\u0105c tysi\u0105ce rzeczy wok\u00f3\u0142 siebie, coraz rzadziej zastanawiamy si\u0119, czym one naprawd\u0119 s\u0105. Najcz\u0119\u015bciej wyceniamy je pieni\u0119dzmi, ale przecie\u017c ta warto\u015b\u0107 jest tylko umowna. Prawdziw\u0105 warto\u015b\u0107 nadajemy my sami \u2013 przez histori\u0119, wspomnienie, emocj\u0119, kt\u00f3r\u0105 wi\u0105\u017cemy z przedmiotem. I w\u0142a\u015bnie t\u0119 warto\u015b\u0107 staram si\u0119 tu zatrzyma\u0107.<\/p>\n\n\n\n<figure class=\"wp-block-image size-large\"><img loading=\"lazy\" decoding=\"async\" width=\"740\" height=\"1024\" src=\"http:\/\/piotrtrzebinia.pl\/wp-content\/uploads\/2025\/08\/20250811_1945498421734116862720355-740x1024.jpg\" alt=\"\" class=\"wp-image-29\" srcset=\"http:\/\/piotrtrzebinia.pl\/wp-content\/uploads\/2025\/08\/20250811_1945498421734116862720355-740x1024.jpg 740w, http:\/\/piotrtrzebinia.pl\/wp-content\/uploads\/2025\/08\/20250811_1945498421734116862720355-217x300.jpg 217w, http:\/\/piotrtrzebinia.pl\/wp-content\/uploads\/2025\/08\/20250811_1945498421734116862720355-768x1063.jpg 768w, http:\/\/piotrtrzebinia.pl\/wp-content\/uploads\/2025\/08\/20250811_1945498421734116862720355-1110x1536.jpg 1110w, http:\/\/piotrtrzebinia.pl\/wp-content\/uploads\/2025\/08\/20250811_1945498421734116862720355.jpg 1445w\" sizes=\"auto, (max-width: 740px) 100vw, 740px\" \/><figcaption class=\"wp-element-caption\">Konik do skakania z futekiem od Jokomisiada <\/figcaption><\/figure>\n\n\n\n<p>Czy bawi\u0142e\u015b si\u0119 kiedy\u015b gumowym konikiem do skakania? Tym szarpanym za uszy, kt\u00f3ry przez kilka dni po kupieniu \u015bmierdzia\u0142 okrutnie plastikiem. Tak wygl\u0105da\u0142o moje dzieci\u0144stwo. Potem przysz\u0142a jako\u015b\u0107 \u2013 kolejne innowacje sprawi\u0142y, \u017ce konik zyska\u0142 futerko, sta\u0142 si\u0119 milusi, pi\u0119kny i wyj\u0105tkowy. Ju\u017c nie tylko do zabawy, ale te\u017c do podziwiania, jako dekoracja dzieci\u0119cego pokoju. A jednak wci\u0105\u017c to ta sama zabawka \u2013 ta, kt\u00f3ra od zawsze mia\u0142a nie\u015b\u0107 rado\u015b\u0107 z podskakiwania.<\/p>\n\n\n\n<figure class=\"wp-block-image size-large\"><img loading=\"lazy\" decoding=\"async\" width=\"773\" height=\"1024\" src=\"http:\/\/piotrtrzebinia.pl\/wp-content\/uploads\/2025\/08\/20250725_1837173867086755110341636-773x1024.jpg\" alt=\"\" class=\"wp-image-30\" srcset=\"http:\/\/piotrtrzebinia.pl\/wp-content\/uploads\/2025\/08\/20250725_1837173867086755110341636-773x1024.jpg 773w, http:\/\/piotrtrzebinia.pl\/wp-content\/uploads\/2025\/08\/20250725_1837173867086755110341636-226x300.jpg 226w, http:\/\/piotrtrzebinia.pl\/wp-content\/uploads\/2025\/08\/20250725_1837173867086755110341636-768x1018.jpg 768w, http:\/\/piotrtrzebinia.pl\/wp-content\/uploads\/2025\/08\/20250725_1837173867086755110341636-1159x1536.jpg 1159w, http:\/\/piotrtrzebinia.pl\/wp-content\/uploads\/2025\/08\/20250725_1837173867086755110341636.jpg 1509w\" sizes=\"auto, (max-width: 773px) 100vw, 773px\" \/><figcaption class=\"wp-element-caption\">Portfel sk\u00f3rzany damski Nicole<\/figcaption><\/figure>\n\n\n\n<p>A mo\u017ce pami\u0119tasz, jak wszyscy powtarzali, \u017ce czerwony portfel przyci\u0105ga pieni\u0105dze? Tak niby m\u00f3wi Feng Shui. Oczywi\u015bcie, \u017ce nigdy tak nie m\u00f3wi\u0142o, ale u nas w Polsce tak si\u0119 przyj\u0119\u0142o. I to jest najlepszy dow\u00f3d na to, \u017ce sami nadajemy znaczenie temu, w co chcemy wierzy\u0107. Przedmiot sam w sobie jest tylko rzecz\u0105 \u2013 ca\u0142\u0105 reszt\u0119 dopisujemy my.<\/p>\n\n\n\n<figure class=\"wp-block-image size-large\"><img loading=\"lazy\" decoding=\"async\" width=\"691\" height=\"1024\" src=\"http:\/\/piotrtrzebinia.pl\/wp-content\/uploads\/2025\/08\/20250502_1744077872639123557698565-691x1024.jpg\" alt=\"\" class=\"wp-image-31\" srcset=\"http:\/\/piotrtrzebinia.pl\/wp-content\/uploads\/2025\/08\/20250502_1744077872639123557698565-691x1024.jpg 691w, http:\/\/piotrtrzebinia.pl\/wp-content\/uploads\/2025\/08\/20250502_1744077872639123557698565-203x300.jpg 203w, http:\/\/piotrtrzebinia.pl\/wp-content\/uploads\/2025\/08\/20250502_1744077872639123557698565-768x1138.jpg 768w, http:\/\/piotrtrzebinia.pl\/wp-content\/uploads\/2025\/08\/20250502_1744077872639123557698565-1037x1536.jpg 1037w, http:\/\/piotrtrzebinia.pl\/wp-content\/uploads\/2025\/08\/20250502_1744077872639123557698565.jpg 1350w\" sizes=\"auto, (max-width: 691px) 100vw, 691px\" \/><figcaption class=\"wp-element-caption\">Bukiet Sztucznych kwiat\u00f3w w plastikowej butelce z wod\u0105 <\/figcaption><\/figure>\n\n\n\n<p>Wi\u0119c znajdziesz tu tak\u017ce zdj\u0119cie sztucznych kwiat\u00f3w w plastikowej butelce z wod\u0105. Powsta\u0142o w szybkiej sesji \u2013 dla klienta hurtowego potrzebne by\u0142o cokolwiek, wi\u0119c improwizowali\u015bmy. Nie chodzi\u0142o o to, czy s\u0105 idealne, ani w czym stoj\u0105. Po prostu by\u0142y \u2013 i mia\u0142y by\u0107. Historia sko\u0144czy\u0142a si\u0119 \u015bwietnym biznesem, bo one by\u0142y idealne na tamten moment. Takie, jakie mia\u0142y by\u0107. I w\u0142a\u015bnie takie historie, przedmioty i obrazy znajdziesz na kolejnych podstronach i wpisach tej strony.<\/p>\n","protected":false},"excerpt":{"rendered":"<p>Maj\u0105c tysi\u0105ce rzeczy wok\u00f3\u0142 siebie, coraz rzadziej zastanawiamy si\u0119, czym one naprawd\u0119 s\u0105. Najcz\u0119\u015bciej wyceniamy je pieni\u0119dzmi, ale przecie\u017c ta warto\u015b\u0107 jest tylko umowna. Prawdziw\u0105 warto\u015b\u0107 nadajemy my sami \u2013 przez histori\u0119, wspomnienie, emocj\u0119, kt\u00f3r\u0105 wi\u0105\u017cemy z przedmiotem. I w\u0142a\u015bnie t\u0119 warto\u015b\u0107 staram si\u0119 tu zatrzyma\u0107. Czy bawi\u0142e\u015b si\u0119 kiedy\u015b gumowym konikiem do skakania? Tym [&hellip;]<\/p>\n","protected":false},"author":1,"featured_media":0,"parent":0,"menu_order":0,"comment_status":"open","ping_status":"closed","template":"","meta":{"footnotes":""},"class_list":["post-32","page","type-page","status-publish","hentry"],"_links":{"self":[{"href":"http:\/\/piotrtrzebinia.pl\/index.php\/wp-json\/wp\/v2\/pages\/32","targetHints":{"allow":["GET"]}}],"collection":[{"href":"http:\/\/piotrtrzebinia.pl\/index.php\/wp-json\/wp\/v2\/pages"}],"about":[{"href":"http:\/\/piotrtrzebinia.pl\/index.php\/wp-json\/wp\/v2\/types\/page"}],"author":[{"embeddable":true,"href":"http:\/\/piotrtrzebinia.pl\/index.php\/wp-json\/wp\/v2\/users\/1"}],"replies":[{"embeddable":true,"href":"http:\/\/piotrtrzebinia.pl\/index.php\/wp-json\/wp\/v2\/comments?post=32"}],"version-history":[{"count":1,"href":"http:\/\/piotrtrzebinia.pl\/index.php\/wp-json\/wp\/v2\/pages\/32\/revisions"}],"predecessor-version":[{"id":33,"href":"http:\/\/piotrtrzebinia.pl\/index.php\/wp-json\/wp\/v2\/pages\/32\/revisions\/33"}],"wp:attachment":[{"href":"http:\/\/piotrtrzebinia.pl\/index.php\/wp-json\/wp\/v2\/media?parent=32"}],"curies":[{"name":"wp","href":"https:\/\/api.w.org\/{rel}","templated":true}]}}